{"id":15402,"date":"2019-10-16T19:04:39","date_gmt":"2019-10-16T17:04:39","guid":{"rendered":"https:\/\/lg-dornburg.de\/?page_id=15402"},"modified":"2019-10-16T19:04:39","modified_gmt":"2019-10-16T17:04:39","slug":"ergebnisse-abendsportfest-2019-04-september-westerburg-kreismeisterschaften","status":"publish","type":"page","link":"https:\/\/lg-dornburg.de\/?page_id=15402","title":{"rendered":"Ergebnisse Abendsportfest 2019 04. September Westerburg Kreismeisterschaften"},"content":{"rendered":"<p><!-- 3.1.0 \/ 23.04.2018 \/ 23.04.2018 --><\/p>\n<style type=\"text\/css\">\ntable.body{ width: 770px; border: 0px;}\ntd.blGrund{ BACKGROUND: white;\nFONT-SIZE: 13px; PADDING-LEFT: 0px; COLOR: black; }\ntd.KopfZ1{ FONT-SIZE: 18px; FONT-WEIGHT: bold; TEXT-ALIGN: center;\nBorder-TOP: 1px solid black; BORDER-BOTTOM: 0; COLOR: black; PADDING: 0px; }\ntd.KopfZ11{ FONT-SIZE: 18px; FONT-WEIGHT: bold; TEXT-ALIGN: center;\nBorder-TOP: 0; BORDER-BOTTOM: 0; COLOR: black; PADDING: 0px; }\ntd.KopfZ12{ FONT-SIZE: 18px; FONT-WEIGHT: bold; TEXT-ALIGN: center;\nBorder-TOP: 0; BORDER-BOTTOM: 1px solid black; COLOR: black; PADDING: 0px; }\ntd.KopfZ2{ font-size: 14px;\nfont-weight: bold; text-align: left; border-top: 1px solid black; border-bottom: 0px solid black;\ncolor: black; padding-top: 7px; padding-bottom: 7px; width: 600px; }\ntd.KopfZ21{ font-size: 18px;\nfont-weight: bold; text-align: left; border-top: 0px solid black; border-bottom: 0px solid black;\ncolor: black; padding-top:12px; padding-bottom: 0px; width: 600px; }\ntd.Stand{ font-size: 15px;\nfont-weight: bold; text-align: right; border-top: 1px solid black; border-bottom: 1px solid black;\ncolor: black; padding-top: 0px; padding-bottom: 0px; width: 150px; }\ntd.FussZ{ font-size: 13px;\nfont-weight: bold; TEXT-ALIGN: center; border-top: 1px solid black; \nborder-bottom: 1px solid black; padding-top: 5px; width: 770px; }\ntd.Erstellt{ font-size:13px;\nfont-weight: bold; text-align: left;\ncolor: black; padding-top: 9px; padding-bottom: 0px; width: 50px; }\ntd.AklZ{ font-size: 18px;\nfont-weight: bold; text-align: left; border-top: 1px solid black; border-bottom: 0px solid black;\ncolor: black; padding-top: 5px; padding-bottom: 8px; height: 10px; witdh: 600px; }\np.EWettb{ font-size: 14px; font-weight: bold; text-align: left; padding-top: 0px; padding-bottom: 0px;\ncolor: black; width: 230px; }\n.blEWettb{ font-size: 15px; font-weight: bold; text-align: left; padding-top: 0px; padding-bottom: 0px;\npadding-left: 17px; padding-bottom: 0px; color: black; width: 360px; }\n.blEWind{ font-size: 15px; text-align: left; padding-top: 0px; padding-bottom: 0px;\ncolor: black; width: 100px; }\n.blEDatum{ font-size: 15px; text-align: left; padding-top: 0px; padding-bottom: 0px;\ncolor: black; width: 310px; }\n.blEFreiDis{ font-size: 14px; text-align: left; padding-top: 0px; padding-bottom: 0px;\ncolor: black; width: 33px; }\n.blEDis{ font-size: 14px; text-align: left; padding-top: 0px; padding-bottom: 0px;\ncolor: black; width: 737px; }\n.blEPokWtr1w{ font-size: 12px;\nTEXT-ALIGN: left; padding-top: 12px; padding-bottom: 2px; padding-left: 33px; width: 107px; }\n.blEPokBez1w{ font-size: 12px;\nTEXT-ALIGN: left; padding-top: 12px; padding-bottom: 2px; width: 625px; }\n.blEPokRangw{ font-size: 12px; TEXT-ALIGN: right; padding: 0px; width: 30px; }\n.blEPokWtrw{ font-size: 12px; TEXT-ALIGN: left; padding-left: 33px; width: 107px; }\n.blEPokBezw{ font-size: 12px; TEXT-ALIGN: left; padding: 0px; width: 625px; }\n.blEPokPktw{ font-size: 12px; TEXT-ALIGN: right; padding: 0px; width: 70px; }\n.blEPokFr1w{ font-size: 12px; TEXT-ALIGN: left; padding: 0px; width: 312px; }\n.blEPokNamew{ font-size: 12px; TEXT-ALIGN: left; padding-left: 6px; width: 222px; }\n.blEStMaTn1w{ font-size: 12px; TEXT-ALIGN: left; padding-top: 7px; padding-left: 55px; width: 770px; }\n.blEStMaTnw{ font-size: 12px; TEXT-ALIGN: left; padding-left: 55px; width: 770px; }\n.blEStMaTng{ font-size: 12px; TEXT-ALIGN: left; padding-left: 55px; width: 770px; }\ntd.blEStMaTng{ background-color: #DDDDDD; }\n.blEHochRangw{ font-size: 12px; TEXT-ALIGN: right; padding: 0px; width: 30px; }\n.blEHochNw{ font-size: 12px; TEXT-ALIGN: left; padding-left: 3px; width: 110px; }\n.blEHochHw{ font-size: 12px; TEXT-ALIGN: left; padding: 0px; width: 25px; }\n.blEHochRw{ font-size: 12px; TEXT-ALIGN: left; padding: 0px; width: 30px; }\n.blERangfLWw{ font-size: 12px; TEXT-ALIGN: right; padding-left: 0px; width:  30px; }\n.blELeistWw{ font-size: 14px; TEXT-ALIGN: right; padding-left: 0px; width: 55px; }\n.blERangfLWg{ font-size: 12px; TEXT-ALIGN: right; padding-left: 0px; width:  30px; }\ntd.blERangfLWg{ background-color: #DDDDDD; }\n.blELeistWg{ font-size: 14px; TEXT-ALIGN: right; padding-left: 0px; width: 55px; }\ntd.blELeistWg{ background-color: #DDDDDD; }\n.blERangw{ font-size: 14px; TEXT-ALIGN: right; padding: 0px; width: 30px; }\n.blERangBw{ font-size: 14px; TEXT-ALIGN: right; WIDTH: 40px; }\n.blEStNrw{ font-size: 12px; TEXT-ALIGN: right; WIDTH: 46px; }\n.blENamew{ font-size: 14px; TEXT-ALIGN: left; padding-left: 3px; width: 276px; }\n.blENameASw{ font-size: 14px; TEXT-ALIGN: left; padding-left: 6px; width: 218px; }\n.blEJGw{ font-size: 14px; TEXT-ALIGN: right; padding-left: 0px; width: 35px; }\n.blELvw{ font-size: 14px; TEXT-ALIGN: left; padding-left: 6px; width: 30px; }\n.blEVereinw{ font-size: 14px; TEXT-ALIGN: left; padding-left: 5px; width: 214px; }\n.blELeistw{ font-size: 14px; TEXT-ALIGN: right; padding-left: 0px; width: 85px; }\n.blEQualiw{ font-size: 14px; TEXT-ALIGN: center; padding-left: 0px; width: 10px; }\n.blEPokPw{ font-size: 12px; TEXT-ALIGN: right; padding-left: 0px; width: 48px; }\n.blEElemw{ font-size: 13px; TEXT-ALIGN: right; padding-left: 0px; width: 80px; }\n.blERest1w{ font-size: 13px; TEXT-ALIGN: left; padding-left: 0px; width: 260px; }\n.blELBezw{ font-size: 13px; TEXT-ALIGN: left; padding-left: 4px; width: 28px; }\n.blEAusserw{ font-size: 12px;\nTEXT-ALIGN: left; padding-top: 6px; padding-bottom: 6px; padding-left: 33px; width: 737px; }\n.blERangg{ font-size: 14px; TEXT-ALIGN: right; padding: 0px; width: 30px; }\ntd.blERangg{ background-color: #DDDDDD; }\n.blERangBg{ font-size: 14px; TEXT-ALIGN: right; WIDTH: 40px; }\ntd.blERangBg{ background-color: #DDDDDD; }\n.blEStNrg{ font-size: 12px; TEXT-ALIGN: right; WIDTH: 46px; }\ntd.blEStNrg{ background-color: #DDDDDD; }\n.blENameg{ font-size: 14px; TEXT-ALIGN: left; padding-left: 3px; width: 276px; }\ntd.blENameg{ background-color: #DDDDDD; }\n.blENameASg{ font-size: 14px; TEXT-ALIGN: left; padding-left: 6px; width: 218px; }\ntd.blENameASg{ background-color: #DDDDDD; }\n.blEJGg{ font-size: 14px; TEXT-ALIGN: right; padding-left: 0px; width: 35px; }\ntd.blEJGg{ background-color: #DDDDDD; }\n.blELvg{ font-size: 14px; TEXT-ALIGN: left; padding-left: 6px; width: 30px; }\ntd.blELvg{ background-color: #DDDDDD; }\n.blEVereing{ font-size: 14px; TEXT-ALIGN: left; padding-left: 5px; width: 214px; }\ntd.blEVereing{ background-color: #DDDDDD; }\n.blELeistg{ font-size: 14px; TEXT-ALIGN: right; padding-left: 0px; width: 85px; }\ntd.blELeistg{ background-color: #DDDDDD; }\n.blEQualig{ font-size: 14px; TEXT-ALIGN: center; padding-left: 0px; width: 10px; }\ntd.blEQualig{ background-color: #DDDDDD; }\n.blEPokPg{ font-size: 12px; TEXT-ALIGN: right; padding-left: 0px; width: 48px; }\ntd.blEPokPg{ background-color: #DDDDDD; }\n.blEElemg{ font-size: 13px; TEXT-ALIGN: right; padding-left: 0px; width: 80px; }\ntd.blEElemg{ background-color: #DDDDDD; }\n.blERest1g{ font-size: 13px; TEXT-ALIGN: left; padding-left: 0px; width: 260px; }\ntd.blERest1g{ background-color: #DDDDDD; }\n.blELBezg{ font-size: 13px; TEXT-ALIGN: left; padding-left: 4px; width: 28px; }\ntd.blELBezg{ background-color: #DDDDDD; }\n.blEMaFrei1g{ font-size: 14px; TEXT-ALIGN: left; padding-left: 5px; width: 740px; }\ntd.blEMaFrei1g{ background-color: #DDDDDD; }\n.blVereinPw{ font-size: 12px; TEXT-ALIGN: left; padding-left: 395px; width: 770px; }\n.blVereinPg{ font-size: 12px; TEXT-ALIGN: left; padding-left: 395px; width: 770px; }\ntd.blVereinPg{ background-color: #DDDDDD; }\ntd.links { border-left-width: 1px; border-left-style:solid; text-vertical-align : top; }\ntd.linksZentriert { border-left-width: 1px; border-left-style:solid; text-align : center; text-vertical-align : top; }\ntd.linksOben { border-left-width: 1px; border-left-style:solid; border-top-width: 1px; border-top-style:solid; text-vertical-align : top; }\ntd.linksObenZentriert { border-left-width: 1px; border-left-style:solid; border-top-width: 1px; border-top-style:solid; text-align : center; text-vertical-align : top; }\ntd.linksObenRechts { border-left-width: 1px; border-left-style:solid; border-top-width: 1px; border-top-style:solid; border-right-width: 1px; border-right-style:solid; text-vertical-align : top; }\ntd.linksObenRechtsRechts { border-left-width: 1px; border-left-style:solid; border-top-width: 1px; border-top-style:solid; border-right-width: 1px; border-right-style:solid; text-align : right; text-vertical-align : top; }\ntd.rechts { border-right-width: 1px; border-right-style:solid; text-vertical-align : top; }\ntd.rechtsZentriert { border-right-width: 1px; border-right-style:solid; text-align : center; text-vertical-align : top; }\ntd.linksRechts { border-left-width: 1px; border-left-style:solid; border-right-width: 1px; border-right-style:solid; text-vertical-align : top; }\ntd.linksRechtsRechts { border-left-width: 1px; border-left-style:solid; border-right-width: 1px; border-right-style:solid; text-align : right; text-vertical-align : top; }\ntd.Oben { border-top-width: 1px; border-top-style:solid; text-vertical-align : top; }\n<\/style>\n<p><\/head><br \/>\n<body><br \/>\n<\/p>\n<table class=\"body\" cellspacing=\"0\">\n<tr>\n<td class=\"KopfZ1\">LG Dornburg<a NAME=\"Kreismeisterschaften-Kreis-LM\/WEL\"><\/a><\/td>\n<\/tr>\n<tr>\n<td class=\"KopfZ11\">Abendsportfest 2019 der LG Dornburg<\/td>\n<\/tr>\n<tr>\n<td class=\"KopfZ12\">am 4.09.2019 in Westerburg &#8211; Schulstadion<\/td>\n<\/tr>\n<\/table>\n<table class=\"body\" cellspacing=\"0\">\n<tr>\n<td class=\"KopfZ1\">Kreismeisterschaften Kreis LM\/WEL<\/td>\n<\/tr>\n<\/table>\n<table class=\"body\" cellspacing=\"0\">\n<tr>\n<td class=\"KopfZ21\">Ergebnisliste<\/td>\n<\/tr>\n<\/table>\n<table class=\"body\" cellspacing=\"0\">\n<tr>\n<td class=\"Erstellt\">5.09.2019 \/ 10:03<\/td>\n<\/tr>\n<\/table>\n<p><\/p>\n<table CLASS=\"body\" cellspacing=\"0\">\n<tbody>\n<tr>\n<td class=\"KopfZ2\">Wettkampf\u00fcbersicht<\/td>\n<\/tr>\n<tr>\n<td CLASS=\"blGrund\"><a href=\"#W2Manner\">M\u00e4nner<\/a><\/td>\n<\/tr>\n<tr>\n<td CLASS=\"blGrund\"><a href=\"#W2Weibliche-Jugend-U18\">Weibliche Jugend U18<\/a><\/td>\n<\/tr>\n<tr>\n<td CLASS=\"blGrund\"><a href=\"#W2Jugend-M13\">Jugend M13<\/a><\/td>\n<\/tr>\n<tr>\n<td CLASS=\"blGrund\"><a href=\"#W2Jugend-M14\">Jugend M14<\/a><\/td>\n<\/tr>\n<tr>\n<td CLASS=\"blGrund\"><a href=\"#W2Jugend-M15\">Jugend M15<\/a><\/td>\n<\/tr>\n<tr>\n<td CLASS=\"blGrund\"><a href=\"#W2Jugend-W13\">Jugend W13<\/a><\/td>\n<\/tr>\n<tr>\n<td CLASS=\"blGrund\"><a href=\"#W2Seniorinnen-W35\">Seniorinnen W35<\/a><\/td>\n<\/tr>\n<tr>\n<td CLASS=\"blGrund\"><a href=\"#W2Senioren-M55\">Senioren M55<\/a><\/td>\n<\/tr>\n<tr>\n<td CLASS=\"blGrund\"><a href=\"#W2Senioren-M60\">Senioren M60<\/a><\/td>\n<\/tr>\n<tr>\n<td CLASS=\"blGrund\"><a href=\"#W2Senioren-M70\">Senioren M70<\/a><\/td>\n<\/tr>\n<tr>\n<td CLASS=\"blGrund\"><a href=\"#W2Gemischte_Wettbewerbe\">GEMISCHTE WETTBEWERBE<\/a><\/td>\n<\/tr>\n<\/tbody>\n<\/table>\n<table CLASS=\"body\" cellspacing=\"0\"><TBODY><\/p>\n<tr>\n<td CLASS=AklZ>M\u00e4nner<a NAME=W2Manner><\/a><\/td>\n<\/tr>\n<\/tbody>\n<\/table>\n<table CLASS=\"body\" cellspacing=\"0\" cellpadding=\"0\">\n<tr>\n<td CLASS=\"blEWettb\">3000 m M\u00e4nner<\/td>\n<td CLASS=\"blEWind\">    <\/td>\n<td CLASS=\"blEDatum\">      4.09.2019<\/td>\n<\/tr>\n<\/table>\n<table CLASS=\"body\" cellspacing=\"0\" cellpadding=\"0\">\n<tr>\n<td CLASS=\"blEFreiDis\"><\/td>\n<td CLASS=\"blEDis\">Rangfolge Zeitl\u00e4ufe   >  aus gemischtem Wettbewerb Senioren M45<\/td>\n<\/tr>\n<\/table>\n<table CLASS=\"body\" cellspacing=\"0\" cellpadding=\"0\">\n<tr>\n<td CLASS=\"blERangg\">1.<\/td>\n<td CLASS=\"blENameg\">Rezene, Teklay<\/td>\n<td CLASS=\"blEJGg\">1999<\/td>\n<td CLASS=\"blELvg\">HE<\/td>\n<td CLASS=\"blEVereing\">LC Mengerskirchen<\/td>\n<td CLASS=\"blELeistg\">8:55,01<\/td>\n<td CLASS=\"blELBezg\">min.<\/td>\n<td CLASS=\"blEQualig\"><\/td>\n<td CLASS=\"blEPokPg\"><\/td>\n<\/tr>\n<\/table>\n<p><\/p>\n<table CLASS=\"body\" cellspacing=\"0\"><TBODY><\/p>\n<tr>\n<td CLASS=AklZ>Jugend M15<a NAME=W2Jugend-M15><\/a><\/td>\n<\/tr>\n<\/tbody>\n<\/table>\n<table CLASS=\"body\" cellspacing=\"0\" cellpadding=\"0\">\n<tr>\n<td CLASS=\"blEWettb\">3000 m M15<\/td>\n<td CLASS=\"blEWind\">    <\/td>\n<td CLASS=\"blEDatum\">      4.09.2019<\/td>\n<\/tr>\n<\/table>\n<table CLASS=\"body\" cellspacing=\"0\" cellpadding=\"0\">\n<tr>\n<td CLASS=\"blEFreiDis\"><\/td>\n<td CLASS=\"blEDis\">Rangfolge Zeitl\u00e4ufe   >  aus gemischtem Wettbewerb Senioren M45<\/td>\n<\/tr>\n<\/table>\n<table CLASS=\"body\" cellspacing=\"0\" cellpadding=\"0\">\n<tr>\n<td CLASS=\"blERangg\">1.<\/td>\n<td CLASS=\"blENameg\">Hain, Ernesto<\/td>\n<td CLASS=\"blEJGg\">2004<\/td>\n<td CLASS=\"blELvg\">HE<\/td>\n<td CLASS=\"blEVereing\">LC Mengerskirchen<\/td>\n<td CLASS=\"blELeistg\">12:17,01<\/td>\n<td CLASS=\"blELBezg\">min.<\/td>\n<td CLASS=\"blEQualig\"><\/td>\n<td CLASS=\"blEPokPg\"><\/td>\n<\/tr>\n<\/table>\n<p><\/p>\n<table CLASS=\"body\" cellspacing=\"0\"><TBODY><\/p>\n<tr>\n<td CLASS=AklZ>Jugend M14<a NAME=W2Jugend-M14><\/a><\/td>\n<\/tr>\n<\/tbody>\n<\/table>\n<table CLASS=\"body\" cellspacing=\"0\" cellpadding=\"0\">\n<tr>\n<td CLASS=\"blEWettb\">3000 m M14<\/td>\n<td CLASS=\"blEWind\">    <\/td>\n<td CLASS=\"blEDatum\">      4.09.2019<\/td>\n<\/tr>\n<\/table>\n<table CLASS=\"body\" cellspacing=\"0\" cellpadding=\"0\">\n<tr>\n<td CLASS=\"blEFreiDis\"><\/td>\n<td CLASS=\"blEDis\">Rangfolge Zeitl\u00e4ufe   >  aus gemischtem Wettbewerb Senioren M45<\/td>\n<\/tr>\n<\/table>\n<table CLASS=\"body\" cellspacing=\"0\" cellpadding=\"0\">\n<tr>\n<td CLASS=\"blERangg\">1.<\/td>\n<td CLASS=\"blENameg\">Brinkmann, Leon<\/td>\n<td CLASS=\"blEJGg\">2005<\/td>\n<td CLASS=\"blELvg\">HE<\/td>\n<td CLASS=\"blEVereing\">LC Mengerskirchen<\/td>\n<td CLASS=\"blELeistg\">11:27,24<\/td>\n<td CLASS=\"blELBezg\">min.<\/td>\n<td CLASS=\"blEQualig\"><\/td>\n<td CLASS=\"blEPokPg\"><\/td>\n<\/tr>\n<\/table>\n<table CLASS=\"body\" cellspacing=\"0\" cellpadding=\"0\">\n<tr>\n<td CLASS=\"blERangw\">2.<\/td>\n<td CLASS=\"blENamew\">Reichert, Jamie<\/td>\n<td CLASS=\"blEJGw\">2005<\/td>\n<td CLASS=\"blELvw\">HE<\/td>\n<td CLASS=\"blEVereinw\">LC Mengerskirchen<\/td>\n<td CLASS=\"blELeistw\">12:26,99<\/td>\n<td CLASS=\"blELBezw\">min.<\/td>\n<td CLASS=\"blEQualiw\"><\/td>\n<td CLASS=\"blEPokPw\"><\/td>\n<\/tr>\n<\/table>\n<p><\/p>\n<table CLASS=\"body\" cellspacing=\"0\"><TBODY><\/p>\n<tr>\n<td CLASS=AklZ>Jugend M13<a NAME=W2Jugend-M13><\/a><\/td>\n<\/tr>\n<\/tbody>\n<\/table>\n<table CLASS=\"body\" cellspacing=\"0\" cellpadding=\"0\">\n<tr>\n<td CLASS=\"blEWettb\">3000 m M13<\/td>\n<td CLASS=\"blEWind\">    <\/td>\n<td CLASS=\"blEDatum\">      4.09.2019<\/td>\n<\/tr>\n<\/table>\n<table CLASS=\"body\" cellspacing=\"0\" cellpadding=\"0\">\n<tr>\n<td CLASS=\"blEFreiDis\"><\/td>\n<td CLASS=\"blEDis\">Rangfolge Zeitl\u00e4ufe   >  aus gemischtem Wettbewerb Senioren M45<\/td>\n<\/tr>\n<\/table>\n<table CLASS=\"body\" cellspacing=\"0\" cellpadding=\"0\">\n<tr>\n<td CLASS=\"blERangg\">1.<\/td>\n<td CLASS=\"blENameg\">Roth, Julius<\/td>\n<td CLASS=\"blEJGg\">2006<\/td>\n<td CLASS=\"blELvg\">HE<\/td>\n<td CLASS=\"blEVereing\">LG Dornburg<\/td>\n<td CLASS=\"blELeistg\">11:49,35<\/td>\n<td CLASS=\"blELBezg\">min.<\/td>\n<td CLASS=\"blEQualig\"><\/td>\n<td CLASS=\"blEPokPg\"><\/td>\n<\/tr>\n<\/table>\n<p><\/p>\n<table CLASS=\"body\" cellspacing=\"0\"><TBODY><\/p>\n<tr>\n<td CLASS=AklZ>Senioren M55<a NAME=W2Senioren-M55><\/a><\/td>\n<\/tr>\n<\/tbody>\n<\/table>\n<table CLASS=\"body\" cellspacing=\"0\" cellpadding=\"0\">\n<tr>\n<td CLASS=\"blEWettb\">3000 m Sen. M55<\/td>\n<td CLASS=\"blEWind\">    <\/td>\n<td CLASS=\"blEDatum\">      4.09.2019<\/td>\n<\/tr>\n<\/table>\n<table CLASS=\"body\" cellspacing=\"0\" cellpadding=\"0\">\n<tr>\n<td CLASS=\"blEFreiDis\"><\/td>\n<td CLASS=\"blEDis\">Rangfolge Zeitl\u00e4ufe   >  aus gemischtem Wettbewerb Senioren M45<\/td>\n<\/tr>\n<\/table>\n<table CLASS=\"body\" cellspacing=\"0\" cellpadding=\"0\">\n<tr>\n<td CLASS=\"blERangg\">1.<\/td>\n<td CLASS=\"blENameg\">Breuer, Lars<\/td>\n<td CLASS=\"blEJGg\">1964<\/td>\n<td CLASS=\"blELvg\">HE<\/td>\n<td CLASS=\"blEVereing\">LG Brechen<\/td>\n<td CLASS=\"blELeistg\">10:28,85<\/td>\n<td CLASS=\"blELBezg\">min.<\/td>\n<td CLASS=\"blEQualig\"><\/td>\n<td CLASS=\"blEPokPg\"><\/td>\n<\/tr>\n<\/table>\n<p><\/p>\n<table CLASS=\"body\" cellspacing=\"0\"><TBODY><\/p>\n<tr>\n<td CLASS=AklZ>Senioren M60<a NAME=W2Senioren-M60><\/a><\/td>\n<\/tr>\n<\/tbody>\n<\/table>\n<table CLASS=\"body\" cellspacing=\"0\" cellpadding=\"0\">\n<tr>\n<td CLASS=\"blEWettb\">3000 m Sen. M60<\/td>\n<td CLASS=\"blEWind\">    <\/td>\n<td CLASS=\"blEDatum\">      4.09.2019<\/td>\n<\/tr>\n<\/table>\n<table CLASS=\"body\" cellspacing=\"0\" cellpadding=\"0\">\n<tr>\n<td CLASS=\"blEFreiDis\"><\/td>\n<td CLASS=\"blEDis\">Rangfolge Zeitl\u00e4ufe   >  aus gemischtem Wettbewerb Senioren M45<\/td>\n<\/tr>\n<\/table>\n<table CLASS=\"body\" cellspacing=\"0\" cellpadding=\"0\">\n<tr>\n<td CLASS=\"blERangg\">1.<\/td>\n<td CLASS=\"blENameg\">Trost, Reiner<\/td>\n<td CLASS=\"blEJGg\">1957<\/td>\n<td CLASS=\"blELvg\">HE<\/td>\n<td CLASS=\"blEVereing\">TuS Lindenholzhausen<\/td>\n<td CLASS=\"blELeistg\">12:02,06<\/td>\n<td CLASS=\"blELBezg\">min.<\/td>\n<td CLASS=\"blEQualig\"><\/td>\n<td CLASS=\"blEPokPg\"><\/td>\n<\/tr>\n<\/table>\n<p><\/p>\n<table CLASS=\"body\" cellspacing=\"0\"><TBODY><\/p>\n<tr>\n<td CLASS=AklZ>Senioren M70<a NAME=W2Senioren-M70><\/a><\/td>\n<\/tr>\n<\/tbody>\n<\/table>\n<table CLASS=\"body\" cellspacing=\"0\" cellpadding=\"0\">\n<tr>\n<td CLASS=\"blEWettb\">3000 m Sen. M70<\/td>\n<td CLASS=\"blEWind\">    <\/td>\n<td CLASS=\"blEDatum\">      4.09.2019<\/td>\n<\/tr>\n<\/table>\n<table CLASS=\"body\" cellspacing=\"0\" cellpadding=\"0\">\n<tr>\n<td CLASS=\"blEFreiDis\"><\/td>\n<td CLASS=\"blEDis\">Rangfolge Zeitl\u00e4ufe   >  aus gemischtem Wettbewerb Senioren M45<\/td>\n<\/tr>\n<\/table>\n<table CLASS=\"body\" cellspacing=\"0\" cellpadding=\"0\">\n<tr>\n<td CLASS=\"blERangg\">1.<\/td>\n<td CLASS=\"blENameg\">Hecker, Herbert<\/td>\n<td CLASS=\"blEJGg\">1949<\/td>\n<td CLASS=\"blELvg\">HE<\/td>\n<td CLASS=\"blEVereing\">LG Brechen<\/td>\n<td CLASS=\"blELeistg\">13:01,99<\/td>\n<td CLASS=\"blELBezg\">min.<\/td>\n<td CLASS=\"blEQualig\"><\/td>\n<td CLASS=\"blEPokPg\"><\/td>\n<\/tr>\n<\/table>\n<table CLASS=\"body\" cellspacing=\"0\" cellpadding=\"0\">\n<tr>\n<td CLASS=\"blERangw\">2.<\/td>\n<td CLASS=\"blENamew\">T\u00fcrk, Ewald<\/td>\n<td CLASS=\"blEJGw\">1945<\/td>\n<td CLASS=\"blELvw\">HE<\/td>\n<td CLASS=\"blEVereinw\">LG Dornburg<\/td>\n<td CLASS=\"blELeistw\">15:24,23<\/td>\n<td CLASS=\"blELBezw\">min.<\/td>\n<td CLASS=\"blEQualiw\"><\/td>\n<td CLASS=\"blEPokPw\"><\/td>\n<\/tr>\n<\/table>\n<p><\/p>\n<table CLASS=\"body\" cellspacing=\"0\"><TBODY><\/p>\n<tr>\n<td CLASS=AklZ>Weibliche Jugend U18<a NAME=W2Weibliche-Jugend-U18><\/a><\/td>\n<\/tr>\n<\/tbody>\n<\/table>\n<table CLASS=\"body\" cellspacing=\"0\" cellpadding=\"0\">\n<tr>\n<td CLASS=\"blEWettb\">3000 m WJ U18<\/td>\n<td CLASS=\"blEWind\">    <\/td>\n<td CLASS=\"blEDatum\">      4.09.2019<\/td>\n<\/tr>\n<\/table>\n<table CLASS=\"body\" cellspacing=\"0\" cellpadding=\"0\">\n<tr>\n<td CLASS=\"blEFreiDis\"><\/td>\n<td CLASS=\"blEDis\">Rangfolge Zeitl\u00e4ufe   >  aus gemischtem Wettbewerb Senioren M45<\/td>\n<\/tr>\n<\/table>\n<table CLASS=\"body\" cellspacing=\"0\" cellpadding=\"0\">\n<tr>\n<td CLASS=\"blERangg\">1.<\/td>\n<td CLASS=\"blENameg\">M\u00fcller, Greta<\/td>\n<td CLASS=\"blEJGg\">2002<\/td>\n<td CLASS=\"blELvg\">HE<\/td>\n<td CLASS=\"blEVereing\">LG Dornburg<\/td>\n<td CLASS=\"blELeistg\">13:50,06<\/td>\n<td CLASS=\"blELBezg\">min.<\/td>\n<td CLASS=\"blEQualig\"><\/td>\n<td CLASS=\"blEPokPg\"><\/td>\n<\/tr>\n<\/table>\n<p><\/p>\n<table CLASS=\"body\" cellspacing=\"0\"><TBODY><\/p>\n<tr>\n<td CLASS=AklZ>Jugend W13<a NAME=W2Jugend-W13><\/a><\/td>\n<\/tr>\n<\/tbody>\n<\/table>\n<table CLASS=\"body\" cellspacing=\"0\" cellpadding=\"0\">\n<tr>\n<td CLASS=\"blEWettb\">3000 m W13<\/td>\n<td CLASS=\"blEWind\">    <\/td>\n<td CLASS=\"blEDatum\">      4.09.2019<\/td>\n<\/tr>\n<\/table>\n<table CLASS=\"body\" cellspacing=\"0\" cellpadding=\"0\">\n<tr>\n<td CLASS=\"blEFreiDis\"><\/td>\n<td CLASS=\"blEDis\">Rangfolge Zeitl\u00e4ufe   >  aus gemischtem Wettbewerb Senioren M45<\/td>\n<\/tr>\n<\/table>\n<table CLASS=\"body\" cellspacing=\"0\" cellpadding=\"0\">\n<tr>\n<td CLASS=\"blERangg\">1.<\/td>\n<td CLASS=\"blENameg\">Kaiser, Julia<\/td>\n<td CLASS=\"blEJGg\">2006<\/td>\n<td CLASS=\"blELvg\">HE<\/td>\n<td CLASS=\"blEVereing\">LG Dornburg<\/td>\n<td CLASS=\"blELeistg\">11:32,75<\/td>\n<td CLASS=\"blELBezg\">min.<\/td>\n<td CLASS=\"blEQualig\"><\/td>\n<td CLASS=\"blEPokPg\"><\/td>\n<\/tr>\n<\/table>\n<p><\/p>\n<table CLASS=\"body\" cellspacing=\"0\"><TBODY><\/p>\n<tr>\n<td CLASS=AklZ>Seniorinnen W35<a NAME=W2Seniorinnen-W35><\/a><\/td>\n<\/tr>\n<\/tbody>\n<\/table>\n<table CLASS=\"body\" cellspacing=\"0\" cellpadding=\"0\">\n<tr>\n<td CLASS=\"blEWettb\">3000 m Sen. W35<\/td>\n<td CLASS=\"blEWind\">    <\/td>\n<td CLASS=\"blEDatum\">      4.09.2019<\/td>\n<\/tr>\n<\/table>\n<table CLASS=\"body\" cellspacing=\"0\" cellpadding=\"0\">\n<tr>\n<td CLASS=\"blEFreiDis\"><\/td>\n<td CLASS=\"blEDis\">Rangfolge Zeitl\u00e4ufe   >  aus gemischtem Wettbewerb Senioren M45<\/td>\n<\/tr>\n<\/table>\n<table CLASS=\"body\" cellspacing=\"0\" cellpadding=\"0\">\n<tr>\n<td CLASS=\"blERangg\">1.<\/td>\n<td CLASS=\"blENameg\">Immich-Ke\u00dfler, Fernanda<\/td>\n<td CLASS=\"blEJGg\">1982<\/td>\n<td CLASS=\"blELvg\">HE<\/td>\n<td CLASS=\"blEVereing\">LG Dornburg<\/td>\n<td CLASS=\"blELeistg\">15:21,81<\/td>\n<td CLASS=\"blELBezg\">min.<\/td>\n<td CLASS=\"blEQualig\"><\/td>\n<td CLASS=\"blEPokPg\"><\/td>\n<\/tr>\n<\/table>\n<p><\/p>\n<table CLASS=\"body\" cellspacing=\"1\">\n<tr>\n<td CLASS=\"FussZ\">Erstellt mit COSA WIN 3.1.0  &#8212;  COSA-Software,<br \/>\nBerggartenstr. 5a, D-38271 Baddeckenstedt<BR>eMail: renziesoft@aol.com Home-Page: <a CLASS=\"cosa\" href=\"http:\/\/www.cosa-software.de\"\ntarget=\"_blank\" rel=\"noopener noreferrer\">www.cosa-software.de<\/A><br \/>Lizenz f\u00fcr: HE\/0053  LG Dornburg<\/td>\n<\/tr>\n<\/table>\n","protected":false},"excerpt":{"rendered":"<p>LG Dornburg Abendsportfest 2019 der LG Dornburg am 4.09.2019 in Westerburg &#8211; Schulstadion Kreismeisterschaften Kreis LM\/WEL Ergebnisliste 5.09.2019 \/ 10:03 Wettkampf\u00fcbersicht M\u00e4nner Weibliche Jugend U18 Jugend M13 Jugend M14 Jugend M15 Jugend W13 Seniorinnen W35 Senioren M55 Senioren M60 Senioren M70 GEMISCHTE WETTBEWERBE M\u00e4nner 3000 m M\u00e4nner 4.09.2019 Rangfolge Zeitl\u00e4ufe > aus gemischtem Wettbewerb Senioren &hellip; <a href=\"https:\/\/lg-dornburg.de\/?page_id=15402\" class=\"more-link\"><span class=\"screen-reader-text\">Ergebnisse Abendsportfest 2019 04. September Westerburg Kreismeisterschaften<\/span> weiterlesen <span class=\"meta-nav\">&rarr;<\/span><\/a><\/p>\n","protected":false},"author":1,"featured_media":0,"parent":196,"menu_order":0,"comment_status":"closed","ping_status":"closed","template":"","meta":{"ngg_post_thumbnail":0,"footnotes":""},"class_list":["post-15402","page","type-page","status-publish","hentry"],"_links":{"self":[{"href":"https:\/\/lg-dornburg.de\/index.php?rest_route=\/wp\/v2\/pages\/15402","targetHints":{"allow":["GET"]}}],"collection":[{"href":"https:\/\/lg-dornburg.de\/index.php?rest_route=\/wp\/v2\/pages"}],"about":[{"href":"https:\/\/lg-dornburg.de\/index.php?rest_route=\/wp\/v2\/types\/page"}],"author":[{"embeddable":true,"href":"https:\/\/lg-dornburg.de\/index.php?rest_route=\/wp\/v2\/users\/1"}],"replies":[{"embeddable":true,"href":"https:\/\/lg-dornburg.de\/index.php?rest_route=%2Fwp%2Fv2%2Fcomments&post=15402"}],"version-history":[{"count":1,"href":"https:\/\/lg-dornburg.de\/index.php?rest_route=\/wp\/v2\/pages\/15402\/revisions"}],"predecessor-version":[{"id":15403,"href":"https:\/\/lg-dornburg.de\/index.php?rest_route=\/wp\/v2\/pages\/15402\/revisions\/15403"}],"up":[{"embeddable":true,"href":"https:\/\/lg-dornburg.de\/index.php?rest_route=\/wp\/v2\/pages\/196"}],"wp:attachment":[{"href":"https:\/\/lg-dornburg.de\/index.php?rest_route=%2Fwp%2Fv2%2Fmedia&parent=15402"}],"curies":[{"name":"wp","href":"https:\/\/api.w.org\/{rel}","templated":true}]}}