{"id":3264,"date":"2014-04-22T18:23:05","date_gmt":"2014-04-22T16:23:05","guid":{"rendered":"http:\/\/lg-dornburg.de\/?page_id=3264"},"modified":"2019-05-26T17:55:11","modified_gmt":"2019-05-26T15:55:11","slug":"ausschreibung-jubilaeumslauf","status":"publish","type":"page","link":"https:\/\/lg-dornburg.de\/?page_id=3264","title":{"rendered":"Ausschreibung Jubil\u00e4umslauf 2019"},"content":{"rendered":"<h1>Jubil\u00e4umslauf der LG Dornburg<\/h1>\n<table border=\"1\">\n<tbody>\n<tr>\n<th>Termin:<\/th>\n<th style=\"text-align: left;\">07.Juni 2019 in Dornburg-Wilsenroth<\/th>\n<\/tr>\n<tr>\n<td>Wettbewerbe und Startzeiten:<\/td>\n<td>17.00&nbsp;Uhr:&nbsp;Halbmarathon ab U18<\/p>\n<p>17.10 Uhr:&nbsp;500-m-Lauf-Bambini U6\/U8 (Jahrgang 2012 und j\u00fcnger)<\/p>\n<p>17.20 Uhr:&nbsp; 1-Lauf Kinder U10\/U12<\/p>\n<p>(Jahrg\u00e4nge 2008-2011)<\/p>\n<p>17.30 Uhr: 1-km-Lauf Kinder und Jugend<\/p>\n<p>U14 und U16 (Jahrg\u00e4nge 2004-2007)<\/p>\n<p>17.45 Uhr:<\/p>\n<p>5-km-Lauf Jedermann &amp; Jedefrau* ab U16<\/p>\n<p>10-km-Lauf ab U18<\/td>\n<\/tr>\n<tr>\n<td>Streckenpl\u00e4ne<\/td>\n<td>Die 500-m und die 1000-m-Strecke wird Rund um den Sportplatz von Wilsenroth gelaufen.<br \/>\nStrecke 5-km, 10-km und Halbmarathon folgt<\/td>\n<\/tr>\n<tr>\n<td>Wertung:<\/td>\n<td>Nach LAO-Altersklasseneinteilung (au\u00dfer Jedermannl\u00e4ufer)<\/td>\n<\/tr>\n<tr>\n<td>Startgeb\u00fchren:<\/td>\n<td>500-m-Lauf: &nbsp; &nbsp; &nbsp; &nbsp; &nbsp; &nbsp; &nbsp; &nbsp; &nbsp; &nbsp;&nbsp;&nbsp;1,00 \u20ac<br \/>\n1-km-Lauf: &nbsp; &nbsp; &nbsp; &nbsp; &nbsp; &nbsp; &nbsp; &nbsp; &nbsp; &nbsp; &nbsp; &nbsp;&nbsp; 2,00 \u20ac<br \/>\n5-km-Lauf\/Walking: &nbsp; &nbsp; &nbsp;5,00 \u20ac<br \/>\n10-km-Lauf: &nbsp; &nbsp; &nbsp; &nbsp; &nbsp; &nbsp; &nbsp; &nbsp; &nbsp; &nbsp; &nbsp; 7,00 \u20ac<br \/>\nHalbmarathon: &nbsp; &nbsp; &nbsp; &nbsp; &nbsp; &nbsp; &nbsp;&nbsp; 9,00 \u20ac<\/td>\n<\/tr>\n<tr>\n<td>Auszeichnung:<\/td>\n<td>Urkunde und Medaille f\u00fcr jeden Teilnehmer; Ergebnisliste f\u00fcr jeden teilnehmenden Verein, Ehrenpreise f\u00fcr die Einzelsieger. Die Laufschnellste und der laufschnellste jedes Laufes erh\u00e4lt einen Pokal.<\/td>\n<\/tr>\n<tr>\n<td>Ergebnislisten:<\/td>\n<td>Jeweils zwei Tage nach der Veranstaltung auf der Homepage der LG Dornburg: www.lg-dornburg.de. Ergebnislisten k\u00f6nnen bei Vorbestellung kostenlos jeweils bei der folgenden Veranstaltung mitgenommen werden. Zusendung ist gegen eine Geb\u00fchr von jeweils 1,50 \u20ac m\u00f6glich.<\/td>\n<\/tr>\n<tr>\n<td>Informationen:<\/td>\n<td>Postalisch: Andreas Horn,&nbsp;Vor Seitert 5&nbsp;, 65599 Dornburg-Frickhofen Telefonisch: Sebastian Schneider (0170)2430871 Per Mail&nbsp;<a title=\"E-Mail\" href=\"mailto:meldung@lg-dornburg.de\">meldung@lg-dornburg.de<\/a><\/td>\n<\/tr>\n<tr>\n<td>Anmeldung:<\/td>\n<td>1 Tag vor der Veranstaltung (06.06.2019 bis 18.00 Uhr). Meldung mit der Angabe von Vor- und Zuname, Wohnort oder Verein, Geburtsjahr, Altersklasse und Laufstrecke<\/td>\n<\/tr>\n<tr>\n<td>Nachmeldung:<\/td>\n<td>Bis 1 Stunde vor dem Start.<\/p>\n<p>Nachmeldegeb\u00fchr:&nbsp; 2,00 Euro<\/td>\n<\/tr>\n<tr>\n<td>Haftung:<\/td>\n<td>Die Veranstalter \u00fcbernehmen keine Haftung f\u00fcr Sch\u00e4den jeglicher Art. Die Teilnahme erfolgt auf eigene Gefahr.<\/td>\n<\/tr>\n<tr>\n<td>Sanit\u00e4tsdienst:<\/td>\n<td>DRK Dornburg<\/td>\n<\/tr>\n<tr>\n<td>Ordnungsdienst:<\/td>\n<td>Freiwillige Feuerwehren Dornburg ???<\/td>\n<\/tr>\n<tr>\n<td>Weitere Hinweise:<\/td>\n<td>Die L\u00e4ufe sind beim DLV gemeldet und genehmigt. Volkslauf-Wertungsstempel sind erh\u00e4ltlich. Getr\u00e4nke (Tee u.a.) und Imbiss werden angeboten.<\/td>\n<\/tr>\n<tr>\n<th>&nbsp;<\/th>\n<td><a title=\"Hier gelangen Sie zur Online Anmeldung!\" href=\"https:\/\/lg-dornburg.de\/?page_id=3299\" target=\"_blank\" rel=\"noopener noreferrer\">Die bequeme Online-Anmeldung steht f\u00fcr Sie zur Verf\u00fcgung<\/a><\/td>\n<\/tr>\n<\/tbody>\n<\/table>\n<h5>Sponsor der Jubil\u00e4umslaufes<\/h5>\n<p><a href=\"http:\/\/www.heusbeton.de\/\" target=\"_blank\" rel=\"noopener noreferrer\"><img loading=\"lazy\" decoding=\"async\" width=\"550\" height=\"219\" class=\"alignnone wp-image-14907 size-full\" alt=\"\" src=\"https:\/\/lg-dornburg.de\/wp-content\/uploads\/2019\/05\/Unbenannt-e1558885930654.png\"><\/a><\/p>\n","protected":false},"excerpt":{"rendered":"<p>Jubil\u00e4umslauf der LG Dornburg Termin: 07.Juni 2019 in Dornburg-Wilsenroth Wettbewerbe und Startzeiten: 17.00&nbsp;Uhr:&nbsp;Halbmarathon ab U18 17.10 Uhr:&nbsp;500-m-Lauf-Bambini U6\/U8 (Jahrgang 2012 und j\u00fcnger) 17.20 Uhr:&nbsp; 1-Lauf Kinder U10\/U12 (Jahrg\u00e4nge 2008-2011) 17.30 Uhr: 1-km-Lauf Kinder und Jugend U14 und U16 (Jahrg\u00e4nge 2004-2007) 17.45 Uhr: 5-km-Lauf Jedermann &amp; Jedefrau* ab U16 10-km-Lauf ab U18 Streckenpl\u00e4ne Die 500-m und &hellip; <a href=\"https:\/\/lg-dornburg.de\/?page_id=3264\" class=\"more-link\"><span class=\"screen-reader-text\">Ausschreibung Jubil\u00e4umslauf 2019<\/span> weiterlesen <span class=\"meta-nav\">&rarr;<\/span><\/a><\/p>\n","protected":false},"author":2,"featured_media":0,"parent":2632,"menu_order":0,"comment_status":"closed","ping_status":"closed","template":"","meta":{"ngg_post_thumbnail":0,"footnotes":""},"class_list":["post-3264","page","type-page","status-publish","hentry"],"_links":{"self":[{"href":"https:\/\/lg-dornburg.de\/index.php?rest_route=\/wp\/v2\/pages\/3264","targetHints":{"allow":["GET"]}}],"collection":[{"href":"https:\/\/lg-dornburg.de\/index.php?rest_route=\/wp\/v2\/pages"}],"about":[{"href":"https:\/\/lg-dornburg.de\/index.php?rest_route=\/wp\/v2\/types\/page"}],"author":[{"embeddable":true,"href":"https:\/\/lg-dornburg.de\/index.php?rest_route=\/wp\/v2\/users\/2"}],"replies":[{"embeddable":true,"href":"https:\/\/lg-dornburg.de\/index.php?rest_route=%2Fwp%2Fv2%2Fcomments&post=3264"}],"version-history":[{"count":38,"href":"https:\/\/lg-dornburg.de\/index.php?rest_route=\/wp\/v2\/pages\/3264\/revisions"}],"predecessor-version":[{"id":14908,"href":"https:\/\/lg-dornburg.de\/index.php?rest_route=\/wp\/v2\/pages\/3264\/revisions\/14908"}],"up":[{"embeddable":true,"href":"https:\/\/lg-dornburg.de\/index.php?rest_route=\/wp\/v2\/pages\/2632"}],"wp:attachment":[{"href":"https:\/\/lg-dornburg.de\/index.php?rest_route=%2Fwp%2Fv2%2Fmedia&parent=3264"}],"curies":[{"name":"wp","href":"https:\/\/api.w.org\/{rel}","templated":true}]}}