{"id":45,"date":"2012-02-24T23:39:29","date_gmt":"2012-02-24T23:39:29","guid":{"rendered":"http:\/\/lg-dornburg.de\/?page_id=45"},"modified":"2024-07-14T13:52:48","modified_gmt":"2024-07-14T11:52:48","slug":"ubungsleiter","status":"publish","type":"page","link":"https:\/\/lg-dornburg.de\/?page_id=45","title":{"rendered":"\u00dcbungsleiter"},"content":{"rendered":"<p>&nbsp;<\/p>\n<h3>\u00dcBUNGSLEITERINNEN<\/h3>\n<h5>Britta Wei\u00dfer<\/h5>\n<hr>\n<h5><strong style=\"font-size: 16px;\">Judit Schneider<\/strong><\/h5>\n<hr>\n<h3>\u00dcBUNGSLEITER<\/h3>\n<h5>Andreas Horn<\/h5>\n<hr>\n<h5>Ewald T\u00fcrk<\/h5>\n<hr>\n<h5>Josef Schmitz&nbsp;<\/h5>\n<hr>\n<h5>Sebastian Schneider<\/h5>\n<hr>\n<h5><strong>Christian Lukas<\/strong><\/h5>\n<hr>\n<p>&nbsp;<\/p>\n<h3>TRAINERASSISTENTEN<\/h3>\n<h5>Emily Zollmann (z. Zt. im Studium)<\/h5>\n<hr>\n<h5>Greta M\u00fcller (z. Zt. im Studium)<\/h5>\n<p>&nbsp;<\/p>\n<h6>&nbsp;<\/h6>\n<p>&nbsp;<\/p>\n","protected":false},"excerpt":{"rendered":"<p>&nbsp; \u00dcBUNGSLEITERINNEN Britta Wei\u00dfer Judit Schneider \u00dcBUNGSLEITER Andreas Horn Ewald T\u00fcrk Josef Schmitz&nbsp; Sebastian Schneider Christian Lukas &nbsp; TRAINERASSISTENTEN Emily Zollmann (z. Zt. im Studium) Greta M\u00fcller (z. Zt. im Studium) &nbsp; &nbsp; &nbsp;<\/p>\n","protected":false},"author":1,"featured_media":0,"parent":0,"menu_order":0,"comment_status":"closed","ping_status":"closed","template":"","meta":{"ngg_post_thumbnail":0,"footnotes":""},"class_list":["post-45","page","type-page","status-publish","hentry"],"_links":{"self":[{"href":"https:\/\/lg-dornburg.de\/index.php?rest_route=\/wp\/v2\/pages\/45","targetHints":{"allow":["GET"]}}],"collection":[{"href":"https:\/\/lg-dornburg.de\/index.php?rest_route=\/wp\/v2\/pages"}],"about":[{"href":"https:\/\/lg-dornburg.de\/index.php?rest_route=\/wp\/v2\/types\/page"}],"author":[{"embeddable":true,"href":"https:\/\/lg-dornburg.de\/index.php?rest_route=\/wp\/v2\/users\/1"}],"replies":[{"embeddable":true,"href":"https:\/\/lg-dornburg.de\/index.php?rest_route=%2Fwp%2Fv2%2Fcomments&post=45"}],"version-history":[{"count":19,"href":"https:\/\/lg-dornburg.de\/index.php?rest_route=\/wp\/v2\/pages\/45\/revisions"}],"predecessor-version":[{"id":17360,"href":"https:\/\/lg-dornburg.de\/index.php?rest_route=\/wp\/v2\/pages\/45\/revisions\/17360"}],"wp:attachment":[{"href":"https:\/\/lg-dornburg.de\/index.php?rest_route=%2Fwp%2Fv2%2Fmedia&parent=45"}],"curies":[{"name":"wp","href":"https:\/\/api.w.org\/{rel}","templated":true}]}}